 Let v = 39 - 77. Let n = 18 - v. Calculate the greatest common divisor of n and h.
7
Suppose 12 = 26*q - 7*q - 1280. What is the highest common factor of q and 2176?
68
Let b = 224 - 209. Suppose b*h = 11*h + 128. What is the highest common divisor of 4 and h?
4
Suppose 2*t - 6*t = -544. Let a(i) = 15*i**3 + i**2 - 5*i + 5. Let v be a(1). Suppose 0 = 7*h + v - 135. Calculate the greatest common divisor of t and h.
17
Suppose -33*r + 20 = -38*r. Let a be (-260)/(-117) - r/(-18) - -38. Calculate the highest common divisor of 140 and a.
20
Let b(u) = -u**3 - 15*u**2 + 20*u + 188. Let c be b(-16). What is the highest common factor of 899 and c?
31
Let f(a) = 19*a**2 + 7*a + 12. Let d be f(4). Calculate the highest common factor of d and 473.
43
Suppose 117*y - 1049361 = 44*y + 818928. What is the greatest common factor of 57 and y?
57
Suppose 79 = 3*u + 4*l, -2*l + 106 = 4*u + 3*l. Let s = u + -29. Suppose 10*i - 7*i - 45 = s. Calculate the highest common divisor of i and 5.
5
Let h = 360 + 342. Suppose 0 = 108*p - 954 - 3906 - 972. Calculate the greatest common divisor of h and p.
54
Suppose -11*u - 6*u = 425. Let j be 8/40 + (-620)/u. What is the highest common factor of 10 and j?
5
Suppose 3051 = 104*l + 9*l. Calculate the highest common factor of l and 10314.
27
Suppose -1544*f + 1560*f - 1008 = 0. Calculate the greatest common divisor of 357 and f.
21
Let y(p) = -12*p**3 + 4*p**2 + 6*p - 4. Let v be y(-2). What is the greatest common divisor of v and 36?
12
Let d(j) = -3*j**3 - 2*j**2 + j + 6. Let c be d(2). Let v be (1 - -8 - c)*2/6. What is the greatest common factor of 176 and v?
11
Let q(t) = -t - 33. Let g(o) = 3*o + 33. Let i(f) = 2*g(f) + 3*q(f). Let b be i(20). What is the highest common divisor of 459 and b?
27
Suppose 7*n - 2*n - 80 = 0. Let z = -19 - -3. Let m = 20 + z. Calculate the greatest common divisor of m and n.
4
Let h(w) = w**2 + 2*w - 14. Let x be h(12). Suppose -2*q - 4*k + 88 = 0, 4*q - 2*k - k = x. What is the greatest common divisor of 120 and q?
40
Suppose -2*c = -16*j + 11*j + 186, 5*c + 15 = 0. Suppose k = 3*o - j, 60*o - 65*o - 4*k = -60. What is the greatest common divisor of o and 108?
12
Suppose 5*q - 3*q - 4*m = 36, -3*m + 9 = 3*q. Let g = 259 - 179. Suppose g = w + w. Calculate the highest common factor of q and w.
8
Let s(u) = -u**2 + 7*u + 13. Let o be s(8). Suppose 5*n + 26 = -4*y, o*n = 4*y - y + 2. Let i be -2*n/8*38. What is the greatest common divisor of 76 and i?
19
Suppose 17*l - 10359 - 5247 = 0. What is the greatest common factor of 432 and l?
54
Suppose -2*f + c = 208 - 523, 5*c = -4*f + 651. Let t = f + -145. Calculate the greatest common divisor of 2 and t.
2
Let f(a) = a**3 - 25*a**2 + 68*a + 118. Let q be f(22). Calculate the greatest common divisor of 45 and q.
9
Let x = 8068 - 8030. Calculate the greatest common factor of x and 15238.
38
Suppose -12*i + 36*i + 9 = 441. Calculate the greatest common divisor of i and 2439.
9
Let s = 324 + -226. Suppose 4*f + 25 = t - s, 0 = -f + t - 30. Let c = f + 43. Calculate the highest common factor of 108 and c.
12
Let b(d) = 74*d + 301. Let j be b(-4). What is the greatest common factor of 19 and j?
1
Suppose -x + 67 = 5*g, 10*x - 94 = 8*x - 2*g. What is the greatest common divisor of x and 7161?
21
Let i be 3/4 - 29295/(-124). Let d = 349 - i. What is the greatest common divisor of 14 and d?
14
Let u = -1217 - -3393. Calculate the greatest common factor of 17 and u.
17
Let d be 4/16 - (-18)/(-8). Let a be (117/(-26))/(d/36). Let t = 129 - 75. Calculate the highest common divisor of a and t.
27
Suppose 97*s - 1223 = 94*s + m, 812 = 2*s - 4*m. What is the highest common divisor of s and 96?
24
Let w(k) = -k**2 - 25*k + 4. Let z be w(-22). Let q(s) = 3 - 1 - 7 + s**2 + 1 + 5*s. Let r be q(-7). Calculate the greatest common divisor of z and r.
10
Let z be (-2)/4*(-34)/17. Let l be ((2 - -95) + 3)/z - 4. What is the highest common divisor of l and 6?
6
Let t(q) = -2*q**3 + 18*q**2 + 26*q - 2. Let p be t(10). Suppose -v = p - 366. What is the highest common factor of v and 28?
28
Suppose i + 634 = 11*y + 20, 2*y - 122 = -5*i. What is the highest common divisor of y and 168?
56
Suppose 0 = -2*t + 4*j + 5024, 17*j - 18*j = 2*t - 5039. What is the greatest common divisor of 2 and t?
2
Let v(o) = -5*o - 82. Let t be v(-17). Let i be 4 + t/(-3) + 2 + -4. What is the highest common divisor of i and 29?
1
Let p be ((-196)/5)/((-68)/2210). Calculate the greatest common divisor of 490 and p.
98
Let r be (-4)/(8/(-78))*(26 - 97). Let q be r/(-91) - 6/14. What is the highest common factor of 105 and q?
15
Let n = 100 + -92. What is the highest common factor of 4132 and n?
4
Let v(z) = -18*z - 28. Let w be v(11). Let g = w + 430. Suppose -2*c + 265 = 4*x - 7, -3*x = -c - g. What is the highest common divisor of 17 and x?
17
Let v(m) = -34*m - 2. Let p be v(5). Let k = p + 197. Let f = -395 + 670. What is the greatest common factor of f and k?
25
Suppose -2*t + 4*f - 8*f = -924, -4*t - 4*f + 1860 = 0. What is the greatest common divisor of 13 and t?
13
Let i be 8675/175 + (-3)/(-7). What is the highest common divisor of 325 and i?
25
Let u = 6705 + -6687. Calculate the highest common factor of 2808 and u.
18
Let g be 869/99 - (-4)/18. Let t = g + 171. Let f be -4 - (-3 + 1) - -74. Calculate the greatest common divisor of f and t.
36
Let s(w) = -36*w**2 - 157*w - 17. Let q be s(-4). Suppose -5*l = -2*l + 687. Let x = q - l. What is the highest common divisor of 24 and x?
24
Suppose 0 = 18*g + 16*g + 102. Let k be (g - 109/(-3)) + (-8)/(-12). Calculate the highest common factor of k and 85.
17
Let z(n) = -n**2 - 62*n - 453. Let q be z(-9). Calculate the greatest common divisor of q and 393.
3
Suppose -7*w + 10288 = -1724. Let l be w/65 + 3/5. Let z be (-1 - 31/2)*-18. What is the greatest common factor of l and z?
27
Suppose -4*n + 56*j = 54*j + 8, 12 = n + 3*j. Suppose n = 35*t + 82 - 257. Calculate the highest common divisor of 1 and t.
1
Suppose 0 = -3*j - 2*j + 315. Suppose 0 = -6*r - 189 + j. Let a = r + 37. Calculate the greatest common divisor of 128 and a.
16
Let q(z) = z**2 + 48*z + 451. Let f be q(-36). What is the highest common divisor of 1007 and f?
19
Let h be ((-1)/(-4)*(-62)/(-31))/(3/96). Calculate the highest common divisor of h and 1928.
8
Let a = 7 + -4. Suppose -3*o - a = 0, -v + 2*o = -0*v - 23. Let z = -1200 - -1431. What is the highest common factor of z and v?
21
Suppose 3*g - 6150 = 48*z - 45*z, 2050 = g + z. Calculate the highest common divisor of 125 and g.
25
Let p = 4477 + -4428. What is the greatest common divisor of 4753 and p?
49
Let u(s) = s**2 - 4*s + 170. Let n be u(-27). Let i = -55 - -108. What is the highest common divisor of i and n?
53
Let m be (-2)/4 - (-65)/2. Let h(u) = u**3 - 105*u**2 - 76*u + 8140. Let q be h(105). What is the greatest common divisor of q and m?
32
Suppose 0 = -4*s + 7*s + 9. Let b be (s/(-2))/((-2)/(-4)). Suppose 347*x - 263*x - 1764 = 0. Calculate the greatest common factor of b and x.
3
Suppose 414 = 17*p - 14*p. Let s = p + -125. What is the greatest common factor of 286 and s?
13
Let g be (16/12)/(2/(-6)*1). Let f be -2 + 1 + 2/(g/(-770)). Suppose -16*c + 0*c + f = 0. What is the highest common factor of 16 and c?
8
Let j = 4 - -38. Let w(g) = 3*g + 57. Let k be w(-9). Calculate the greatest common factor of j and k.
6
Let f = 1106 - 1087. Suppose 4*b - t = -0*b + 75, 4*t + 15 = b. Calculate the greatest common divisor of b and f.
19
Let k(m) be the first derivative of m**3/3 + 23*m**2/2 + 135*m + 295. Let y be k(-17). What is the greatest common divisor of 352 and y?
11
Suppose 3 = -v, -2*z = -4*v + 6*v - 274. Let u(l) = 3*l - 13. Let y be u(11). Calculate the highest common divisor of y and z.
20
Let a(l) = -106*l - 974. Let d be a(-14). What is the greatest common divisor of d and 270?
30
Let i be (4 - (6 + -4)) + (66 - -2). Suppose -i*s - 175 = -75*s. Calculate the greatest common factor of 7 and s.
7
Suppose 3*c - 140 + 14 = 0. Suppose c*k = 25*k + 3978. Calculate the highest common divisor of k and 18.
18
Let t = -245 - -243. Let j be -2*(-114 + (3 - (-2 - t))). What is the greatest common factor of j and 74?
74
Suppose 2*c = -3*m - 1, 5*c + 5 = 8*m - 13*m. Let a be (-1)/(12/42)*44/c. What is t